
-25
Let b(j) = -47*j + 9444. Determine b(215).
-661
Let l(w) = -1050*w**2 - 449400*w - 45. Determine l(-428).
-45
Let b(h) = 544*h - 701. What is b(-3)?
-2333
Let b(f) = f**3 + 4*f**2 - 3873*f - 30727. Give b(-8).
1
Let w(c) = 277327*c + 18026251. What is w(-65)?
-4
Let r(g) = -382*g + 37426. Calculate r(98).
-10
Let v(f) = 2*f**3 - 55*f**2 + 4024*f - 107915. What is v(27)?
4
Let y(a) = a**3 + 68*a**2 + 81*a - 3762. What is y(-65)?
3648
Let q(p) = p**2 - 1402*p - 59197. Give q(-41).
-34
Let c(y) = -5*y**2 - 189*y + 1719. Calculate c(9).
-387
Let i(n) = 25*n**2 - 2793*n + 19854. Calculate i(7).
1528
Let q(o) = -189*o - 10137. What is q(-50)?
-687
Let x(u) = -137874*u + 275710. Give x(2).
-38
Let j(f) = f**3 + 26*f**2 + 183*f + 448. Determine j(-20).
-812
Let h(a) = -a**3 - 109*a**2 - 1406*a + 427. Give h(-94).
51
Let v(y) = -3*y**2 - 1022*y + 25089. Calculate v(23).
-4
Let n(w) = -4536*w - 59499. Calculate n(-13).
-531
Let k(h) = -h**3 + 35*h**2 + 73*h - 1339. What is k(36)?
-7
Let v(r) = -2*r**3 + 7348*r**2 - 44017*r + 12. Give v(6).
6
Let j(a) = -1449*a + 75302. Determine j(51).
1403
Let b(n) = -2*n**3 - 87*n**2 - 929*n + 147. Give b(-24).
-21
Let w(m) = -6*m**3 + 178*m**2 + 49*m + 271. Determine w(30).
-59
Let l(g) = -2*g**2 - 36*g + 100. Give l(15).
-890
Let s(l) = 15*l - 1644. Give s(37).
-1089
Let n(p) = 2622*p - 8004. Give n(3).
-138
Let c(z) = -271*z - 1933. Determine c(-7).
-36
Let l(k) = -3*k**3 - 8*k**2 + 55. What is l(-5)?
230
Let k(t) = 6*t**2 - 1057*t - 7507. Determine k(-7).
186
Let c(u) = -u**3 - 855*u**2 - 66130*u + 351. Give c(-86).
7
Let b(k) = 3468*k - 44558. Calculate b(11).
-6410
Let k(j) = 3*j**3 + 250*j**2 + 2145*j - 16. Give k(-9).
-1258
Let g(z) = -4*z**2 - 292*z - 1353. Calculate g(-68).
7
Let t(w) = -w**3 + 25*w**2 + 22*w - 367. Calculate t(26).
-471
Let a(w) = 38*w - 8922. Determine a(241).
236
Let f(w) = -3*w**3 - 539*w**2 - 337*w + 3815. Calculate f(-179).
56
Let x(k) = k**2 - 45155*k + 11806590. Determine x(263).
-6
Let r(w) = w**3 + 3*w**2 - 28*w + 14. What is r(9)?
734
Let n(m) = -376*m + 55341. Determine n(146).
445
Let m(y) = y**3 - 76*y**2 + 130*y + 1665. Determine m(74).
333
Let i(v) = -6*v**2 + 16479*v + 16480. What is i(-1)?
-5
Let t(y) = -y**3 - 48*y**2 - 434*y + 262. Give t(-35).
-473
Let u(i) = i**3 + 15*i**2 - 497*i - 6758. Determine u(-13).
41
Let m(q) = -78238*q - 78710. Calculate m(-1).
-472
Let h(r) = -230*r - 9680. Give h(-42).
-20
Let n(z) = -z**3 + 6*z**2 + 7*z + 87. What is n(12)?
-693
Let v(i) = -i**2 + 5888*i - 4493300. Give v(901).
-13
Let d(j) = 13568*j - 827717. Give d(61).
-69
Let h(z) = 5*z**2 - 18070*z + 252037. Give h(14).
37
Let k(j) = -12544*j - 413960. Calculate k(-33).
-8
Let b(t) = t**3 + 101*t**2 - 82*t + 1960. Give b(-102).
-80
Let p(o) = -34*o - 3793. Give p(-109).
-87
Let g(w) = 45113*w - 1353393. Calculate g(30).
-3
Let v(j) = -257*j**3 - 58852*j**2 + 230*j + 204. Give v(-229).
-25
Let g(z) = 876*z + 42503. What is g(-43)?
4835
Let t(b) = -6470*b - 2905024. Give t(-449).
6
Let g(s) = -9138*s + 4093794. Determine g(448).
-30
Let x(o) = -6699*o - 13305. Determine x(-2).
93
Let q(f) = 3109*f + 282925. Calculate q(-91).
6
Let v(h) = -h**3 + 481*h**2 - 24906*h + 3377. What is v(422)?
1
Let i(h) = 9526*h - 114324. What is i(12)?
-12
Let q(l) = -16*l**3 + 285*l**2 - 35*l + 27. Calculate q(18).
-1575
Let f(u) = -4*u**3 - 24*u**2 + 19*u + 121. Determine f(-2).
19
Let g(x) = 5872*x - 293157. Determine g(50).
443
Let a(g) = -g**2 - 76679*g + 536795. Calculate a(7).
-7
Let d(f) = 6*f**2 + 2909*f - 6338. Give d(-487).
-7
Let x(b) = -105*b + 7961. Determine x(75).
86
Let a(m) = m**3 - 333*m**2 - 2822*m - 5894. Calculate a(-4).
2
Let x(v) = -v**2 - 10109*v + 3240589. Calculate x(311).
-31
Let q(b) = 4*b**3 - 9*b**2 + 67*b - 133. Calculate q(2).
-3
Let x(s) = 3*s**2 - 779*s - 3534. Determine x(264).
-102
Let f(o) = -o**3 + 63*o**2 - 584*o + 592. What is f(52)?
-32
Let g(r) = -86*r**2 - 126*r - 82. Calculate g(-4).
-954
Let a(r) = 2*r**2 - 12290*r - 870107. Calculate a(-70).
-7
Let h(x) = 2320*x - 131530. Determine h(57).
710
Let t(z) = -5*z**2 + 4217*z - 29262. Determine t(7).
12
Let a(g) = 2*g**3 - 921*g**2 - 3348*g + 46369. Give a(464).
-31
Let a(k) = k**2 - 4307*k + 1742442. Give a(452).
-18
Let s(x) = 9*x**3 - 116*x**2 - 627*x + 899. What is s(-5)?
9
Let y(q) = 2*q**2 - 665*q + 52932. Give y(132).
0
Let t(b) = 14*b + 807. Calculate t(-70).
-173
Let k(b) = 8735*b - 78758. Determine k(9).
-143
Let c(m) = -2*m**2 + 407*m - 22590. Calculate c(72).
-3654
Let t(j) = -390*j - 6141. Determine t(-16).
99
Let r(k) = k**2 - 3445*k - 365492. Calculate r(-103).
-48
Let q(m) = -16*m**3 + 438*m**2 + 753*m + 60. Determine q(29).
31
Let d(t) = 1197*t + 3847. What is d(-4)?
-941
Let f(q) = -236*q**2 + 47433*q + 478. What is f(201)?
-125
Let f(y) = 2*y**3 + 78*y**2 - 2*y + 1545. Calculate f(-39).
1623
Let x(g) = -96070*g - 768567. What is x(-8)?
-7
Let n(q) = q**2 + 61*q + 67. Determine n(-12).
-521
Let o(d) = 41632*d + 790959. Calculate o(-19).
-49
Let k(j) = 8094*j - 8103. Give k(1).
-9
Let y(l) = l**3 - 7*l**2 - 586*l + 57. Determine y(28).
113
Let q(r) = -4*r**3 + 1074*r**2 - 2667*r + 1906. Determine q(266).
44
Let s(p) = 7*p**3 - 2398*p**2 - 1028*p - 158. Determine s(343).
185
Let v(j) = 3*j**2 + 143*j - 5443. Calculate v(25).
7
Let c(d) = 17290*d - 397651. What is c(23)?
19
Let m(f) = -38*f**3 + 227*f**2 - 22*f + 154. Calculate m(6).
-14
Let b(s) = -s**3 + 11*s**2 + 298*s - 3265. Give b(11).
13
Let v(k) = -2*k**2 + 181*k - 2512. What is v(75)?
-187
Let g(b) = -48*b**3 + 2449*b**2 + 32*b - 4239. What is g(51)?
-6
Let k(d) = -d**2 + 1922*d + 143344. Give k(-72).
-224
Let c(k) = -2*k**3 + 136*k**2 + 141*k + 7. Give c(69).
214
Let i(q) = -690*q - 133007. What is i(-193)?
163
Let j(u) = u**2 - 821*u + 104872. What is j(157)?
624
Let b(l) = -80603*l + 241774. Determine b(3).
-35
Let s(l) = -48*l**2 - 14561*l - 5164. What is s(-303)?
-13
Let j(x) = -219*x**2 + 4152*x + 173. Give j(19).
2
Let g(p) = -3*p**2 - 146*p - 734. Give g(-6).
34
Let w(j) = -3088*j + 243948. Give w(79).
-4
Let a(y) = 28*y**3 + 2*y**2 - 12*y + 10. What is a(-3)?
-692
Let h(a) = -19481*a - 136379. What is h(-7)?
-12
Let f(i) = -73*i**2 + 912*i - 1796. What is f(10)?
24
Let h(n) = 46473*n + 325601. Calculate h(-7).
290
Let f(p) = -886381*p + 886396. Determine f(1).
15
Let o(w) = 5*w**3 - 2314*w**2 + 6433*w + 3232. Determine o(460).
12
Let s(w) = -242*w - 19143. Calculate s(-79).
-25
Let f(l) = -27*l**2 - 2492*l - 46493. Determine f(-26).
47
Let i(c) = 6*c**2 - 302*c - 633. Determine i(52).
-113
Let u(t) = -t**2 - 943*t + 13724. What is u(14)?
326
Let n(a) = -149*a + 5325. Give n(35).
110
Let z(l) = -13*l**3 - 220*l**2 + 257*l + 91. Determine z(-18).
1
Let u(f) = 3671*f - 3712. Determine u(1).
-41
Let j(q) = 4*q**3 - 1866*q**2 + 2795*q - 2207. Determine j(465).
118
Let m(n) = 11*n**2 - 677*n + 112. Determine m(63).
1120
Let y(t) = 2*t**3 - 36*t**2 + 225*t - 476. Give y(5).
-1
Let w(s) = 6449*s - 6451. Calculate w(1).
-2
Let r(m) = m**3 + 85*m**2 - 313*m - 33. Give r(-89).
-3860
Let m(n) = -n**3 - 135*n**2 - 181*n + 11420. Give m(-133).
115
Let s(b) = -2*b**2 - 297*b - 3291. Give s(-133).
832
Let t(a) = 1407*a**2 + 12*a - 1. Determine t(1).
1418
Let k(n) = 2*n**3 + n**2 + 21*n - 129. Give k(4).
99
Let t(v) = 7632*v**2 + 228944*v - 472. Determine t(-30).
8
Let i(g) = 546647*g - 2186593. Give i(4).
-5
Let i(z) = 38*z**3 - 17*z**2 - 22*z + 76. Determine i(3).
883
Let i(s) = 2*s**3 + 176*s**2 + 2631*s + 7758. Give i(-70).
-12
Let y(s) = 84163*s + 504979. Determine y(-6).
1
Let o(m) = 2*m**3 + 43*m**2 - 351*m + 482. What is o(-28)?
118
Let q(o) = -o**2 - 120*o + 69854. What is q(211)?
13
Let o(t) = t**3 + 42*t**2 + 10*t + 454. Calculate o(-42).
34
Let l(g) = -g**3 - 47*g**2 - 539*g - 1925. Calculate l(-32).
-37
Let g(p) = 6*p**3 - 55*p**2 + 87*p - 603. Calculate g(9).
99
Let z(d) = -20*d**2 - 738*d - 6769. Calculate z(-20).
-9
Let y(o) = -23*o - 591. What is y(-102)?
1755
Let y(d) = 3*d**2 + 452*d - 14604. Calculate y(-177).
-621
Let f(o) = 2041*o + 371450. Determine f(-182).
-12
Let r(x) = 4*x**2 + 808*x - 23722. Give r(26).
-10
Let m(g) = -16*g**3 - 8*g**2 + 67*g + 220. Determine m(-3).
379
Let z(v) = v**2 + 1925*v + 295162. Determine 